CRAN Package Check Results for Package uuid

Last updated on 2020-09-20 07:51:45 CEST.

Flavor Version Tinstall Tcheck Ttotal Status Flags
r-devel-linux-x86_64-debian-clang 0.1-4 7.48 19.29 26.77 OK
r-devel-linux-x86_64-debian-gcc 0.1-4 4.29 15.60 19.89 OK
r-devel-linux-x86_64-fedora-clang 0.1-4 44.70 NOTE
r-devel-linux-x86_64-fedora-gcc 0.1-4 32.67 NOTE
r-devel-windows-ix86+x86_64 0.1-4 21.00 32.00 53.00 OK
r-patched-linux-x86_64 0.1-4 5.03 19.15 24.18 OK
r-patched-solaris-x86 0.1-4 44.70 OK
r-release-linux-x86_64 0.1-4 4.78 19.27 24.05 OK
r-release-macos-x86_64 0.1-4 OK
r-release-windows-ix86+x86_64 0.1-4 19.00 47.00 66.00 OK
r-oldrel-macos-x86_64 0.1-4 OK
r-oldrel-windows-ix86+x86_64 0.1-4 31.00 47.00 78.00 OK

Additional issues

clang-UBSAN gcc-UBSAN

Check Details

Version: 0.1-4
Check: compiled code
Result: NOTE
    File ‘uuid/libs/uuid.so’:
     Found no calls to: ‘R_registerRoutines’, ‘R_useDynamicSymbols’
    
    It is good practice to register native routines and to disable symbol
    search.
    
    See ‘Writing portable packages’ in the ‘Writing R Extensions’ manual.
Flavors: r-devel-linux-x86_64-fedora-clang, r-devel-linux-x86_64-fedora-gcc