CRAN Package Check Results for Package utr.annotation

Last updated on 2022-08-09 21:53:00 CEST.

Flavor Version Tinstall Tcheck Ttotal Status Flags
r-devel-linux-x86_64-debian-clang 1.0.4 56.23 520.91 577.14 OK
r-devel-linux-x86_64-debian-gcc 1.0.4 47.41 393.51 440.92 OK
r-devel-linux-x86_64-fedora-clang 1.0.4 739.35 NOTE
r-devel-linux-x86_64-fedora-gcc 1.0.4 719.27 NOTE
r-devel-windows-x86_64 1.0.4 166.00 446.00 612.00 OK
r-patched-linux-x86_64 1.0.4 53.81 496.63 550.44 OK
r-release-linux-x86_64 1.0.4 OK
r-release-macos-arm64 1.0.4 187.00 NOTE
r-release-macos-x86_64 1.0.4 311.00 NOTE
r-release-windows-x86_64 1.0.4 116.00 518.00 634.00 OK
r-oldrel-macos-arm64 1.0.4 253.00 NOTE
r-oldrel-macos-x86_64 1.0.4 241.00 NOTE
r-oldrel-windows-ix86+x86_64 1.0.4 118.00 526.00 644.00 OK

Check Details

Version: 1.0.4
Check: dependencies in R code
Result: NOTE
    Namespaces in Imports field not imported from:
     'parallel' 'xml2'
     All declared Imports should be used.
Flavors: r-devel-linux-x86_64-fedora-clang, r-devel-linux-x86_64-fedora-gcc, r-release-macos-arm64, r-release-macos-x86_64, r-oldrel-macos-arm64, r-oldrel-macos-x86_64