CRAN Package Check Results for Package utilsIPEA

Last updated on 2022-10-06 21:50:10 CEST.

Flavor Version Tinstall Tcheck Ttotal Status Flags
r-devel-linux-x86_64-debian-clang 0.0.6 5.07 55.59 60.66 OK
r-devel-linux-x86_64-debian-gcc 0.0.6 4.04 40.39 44.43 OK
r-devel-linux-x86_64-fedora-clang 0.0.6 87.33 NOTE
r-devel-linux-x86_64-fedora-gcc 0.0.6 85.04 NOTE
r-devel-windows-x86_64 0.0.6 24.00 77.00 101.00 OK
r-patched-linux-x86_64 0.0.6 5.55 51.72 57.27 OK
r-release-linux-x86_64 0.0.6 5.59 51.31 56.90 OK
r-release-macos-arm64 0.0.6 22.00 NOTE
r-release-macos-x86_64 0.0.6 50.00 NOTE
r-release-windows-x86_64 0.0.6 18.00 78.00 96.00 OK
r-oldrel-macos-arm64 0.0.6 29.00 NOTE
r-oldrel-macos-x86_64 0.0.6 38.00 NOTE
r-oldrel-windows-ix86+x86_64 0.0.6 13.00 76.00 89.00 OK

Check Details

Version: 0.0.6
Check: dependencies in R code
Result: NOTE
    Namespaces in Imports field not imported from:
     ‘RCurl’ ‘stringdist’ ‘utils’
     All declared Imports should be used.
Flavors: r-devel-linux-x86_64-fedora-clang, r-devel-linux-x86_64-fedora-gcc, r-release-macos-arm64, r-release-macos-x86_64, r-oldrel-macos-arm64, r-oldrel-macos-x86_64