CRAN Package Check Results for Package usefun

Last updated on 2020-05-30 13:51:41 CEST.

Flavor Version Tinstall Tcheck Ttotal Status Flags
r-devel-linux-x86_64-debian-clang 0.4.5 5.10 43.52 48.62 OK
r-devel-linux-x86_64-debian-gcc 0.4.6 3.34 29.71 33.05 OK
r-devel-linux-x86_64-fedora-clang 0.4.6 65.49 NOTE
r-devel-linux-x86_64-fedora-gcc 0.4.6 50.54 NOTE
r-devel-windows-ix86+x86_64 0.4.6 15.00 73.00 88.00 OK
r-patched-linux-x86_64 0.4.5 4.82 41.52 46.34 OK
r-patched-solaris-x86 0.4.6 80.00 NOTE
r-release-linux-x86_64 0.4.6 3.60 37.36 40.96 OK
r-release-osx-x86_64 0.4.5 OK
r-release-windows-ix86+x86_64 0.4.5 13.00 93.00 106.00 OK
r-oldrel-osx-x86_64 0.4.5 OK
r-oldrel-windows-ix86+x86_64 0.4.5 12.00 58.00 70.00 OK

Check Details

Version: 0.4.6
Check: dependencies in R code
Result: NOTE
    Namespace in Imports field not imported from: ‘grDevices’
     All declared Imports should be used.
Flavors: r-devel-linux-x86_64-fedora-clang, r-devel-linux-x86_64-fedora-gcc, r-patched-solaris-x86