CRAN Package Check Results for Package us.census.geoheader

Last updated on 2021-04-09 19:49:45 CEST.

Flavor Version Tinstall Tcheck Ttotal Status Flags
r-devel-linux-x86_64-debian-clang 1.0.2 1.80 24.01 25.81 NOTE
r-devel-linux-x86_64-debian-gcc 1.0.2 1.55 18.58 20.13 NOTE
r-devel-linux-x86_64-fedora-clang 1.0.2 38.49 NOTE
r-devel-linux-x86_64-fedora-gcc 1.0.2 28.80 NOTE
r-devel-windows-ix86+x86_64 1.0.2 5.00 33.00 38.00 NOTE
r-devel-windows-x86_64-gcc10-UCRT 1.0.2 NOTE
r-patched-linux-x86_64 1.0.2 2.02 22.77 24.79 OK
r-patched-solaris-x86 1.0.2 51.60 OK
r-release-linux-x86_64 1.0.2 OK
r-release-macos-x86_64 1.0.2 OK
r-release-windows-ix86+x86_64 1.0.2 4.00 42.00 46.00 OK
r-oldrel-macos-x86_64 1.0.2 OK
r-oldrel-windows-ix86+x86_64 1.0.2 3.00 33.00 36.00 OK

Check Details

Version: 1.0.2
Check: LazyData
Result: NOTE
     'LazyData' is specified without a 'data' directory
Flavors: r-devel-linux-x86_64-debian-clang, r-devel-linux-x86_64-debian-gcc, r-devel-linux-x86_64-fedora-clang, r-devel-linux-x86_64-fedora-gcc, r-devel-windows-ix86+x86_64, r-devel-windows-x86_64-gcc10-UCRT