CRAN Package Check Results for Package urca

Last updated on 2022-08-09 19:06:46 CEST.

Flavor Version Tinstall Tcheck Ttotal Status Flags
r-devel-linux-x86_64-debian-clang 1.3-0 8.05 67.86 75.91 NOTE
r-devel-linux-x86_64-debian-gcc 1.3-0 7.36 52.32 59.68 NOTE
r-devel-linux-x86_64-fedora-clang 1.3-0 102.00 NOTE
r-devel-linux-x86_64-fedora-gcc 1.3-0 101.55 NOTE
r-devel-windows-x86_64 1.3-0 40.00 100.00 140.00 NOTE
r-patched-linux-x86_64 1.3-0 10.79 64.76 75.55 OK
r-release-linux-x86_64 1.3-0 OK
r-release-macos-arm64 1.3-0 31.00 OK
r-release-macos-x86_64 1.3-0 45.00 OK
r-release-windows-x86_64 1.3-0 47.00 98.00 145.00 OK
r-oldrel-macos-arm64 1.3-0 37.00 OK
r-oldrel-macos-x86_64 1.3-0 60.00 OK
r-oldrel-windows-ix86+x86_64 1.3-0 23.00 100.00 123.00 OK

Check Details

Version: 1.3-0
Check: Rd files
Result: NOTE
    checkRd: (-1) Denmark.Rd:5: Escaped LaTeX specials: \&
    checkRd: (-1) Finland.Rd:5: Escaped LaTeX specials: \&
    checkRd: (-1) NPEXT.Rd:5: Escaped LaTeX specials: \&
    checkRd: (-1) NPEXT.Rd:8: Escaped LaTeX specials: \&
    checkRd: (-1) NPORG.Rd:5: Escaped LaTeX specials: \&
    checkRd: (-1) NPORG.Rd:8: Escaped LaTeX specials: \&
    checkRd: (-1) Raotbl1.Rd:5: Escaped LaTeX specials: \&
    checkRd: (-1) Raotbl2.Rd:5: Escaped LaTeX specials: \&
    checkRd: (-1) ca.po-class.Rd:8: Escaped LaTeX specials: \&
    checkRd: (-1) ca.po-class.Rd:30: Escaped LaTeX specials: \&
    checkRd: (-1) ca.po.Rd:4: Escaped LaTeX specials: \&
    checkRd: (-1) ca.po.Rd:6: Escaped LaTeX specials: \&
    checkRd: (-1) plot-methods.Rd:23: Escaped LaTeX specials: \&
    checkRd: (-1) plot-methods.Rd:30: Escaped LaTeX specials: \&
    checkRd: (-1) plot-methods.Rd:32: Escaped LaTeX specials: \&
    checkRd: (-1) plot-methods.Rd:34: Escaped LaTeX specials: \&
    checkRd: (-1) plot-methods.Rd:37: Escaped LaTeX specials: \&
    checkRd: (-1) show-methods.Rd:25: Escaped LaTeX specials: \&
    checkRd: (-1) show-methods.Rd:30: Escaped LaTeX specials: \&
    checkRd: (-1) show-methods.Rd:33: Escaped LaTeX specials: \&
    checkRd: (-1) show-methods.Rd:37: Escaped LaTeX specials: \&
    checkRd: (-1) show-methods.Rd:39: Escaped LaTeX specials: \&
    checkRd: (-1) summary-methods.Rd:24: Escaped LaTeX specials: \&
    checkRd: (-1) summary-methods.Rd:41: Escaped LaTeX specials: \&
    checkRd: (-1) summary-methods.Rd:44: Escaped LaTeX specials: \&
    checkRd: (-1) summary-methods.Rd:51: Escaped LaTeX specials: \&
    checkRd: (-1) summary-methods.Rd:53: Escaped LaTeX specials: \&
    checkRd: (-1) ur.ers-class.Rd:7: Escaped LaTeX specials: \&
    checkRd: (-1) ur.ers-class.Rd:29: Escaped LaTeX specials: \&
    checkRd: (-1) ur.ers.Rd:4: Escaped LaTeX specials: \&
    checkRd: (-1) ur.ers.Rd:6: Escaped LaTeX specials: \&
    checkRd: (-1) ur.ers.Rd:22: Escaped LaTeX specials: \&
    checkRd: (-1) ur.ers.Rd:29: Escaped LaTeX specials: \&
    checkRd: (-1) ur.kpss-class.Rd:8: Escaped LaTeX specials: \&
    checkRd: (-1) ur.pp-class.Rd:8: Escaped LaTeX specials: \&
    checkRd: (-1) ur.pp.Rd:4: Escaped LaTeX specials: \&
    checkRd: (-1) ur.pp.Rd:6: Escaped LaTeX specials: \&
    checkRd: (-1) ur.pp.Rd:22: Escaped LaTeX specials: \&
    checkRd: (-1) ur.sp-class.Rd:8: Escaped LaTeX specials: \&
    checkRd: (-1) ur.sp-class.Rd:29: Escaped LaTeX specials: \&
    checkRd: (-1) ur.sp.Rd:4: Escaped LaTeX specials: \&
    checkRd: (-1) ur.sp.Rd:6: Escaped LaTeX specials: \&
    checkRd: (-1) ur.za-class.Rd:7: Escaped LaTeX specials: \&
    checkRd: (-1) ur.za-class.Rd:27: Escaped LaTeX specials: \&
    checkRd: (-1) ur.za-class.Rd:50: Escaped LaTeX specials: \&
    checkRd: (-1) ur.za.Rd:4: Escaped LaTeX specials: \&
    checkRd: (-1) ur.za.Rd:6: Escaped LaTeX specials: \&
    checkRd: (-1) ur.za.Rd:29: Escaped LaTeX specials: \&
    checkRd: (-1) urca-internal.Rd:4: Escaped LaTeX specials: \&
    checkRd: (-1) urca-internal.Rd:7: Escaped LaTeX specials: \&
Flavors: r-devel-linux-x86_64-debian-clang, r-devel-linux-x86_64-debian-gcc, r-devel-linux-x86_64-fedora-clang, r-devel-linux-x86_64-fedora-gcc, r-devel-windows-x86_64

Version: 1.3-0
Check: HTML version of manual
Result: NOTE
    Found the following math rendering problems:
    ur.kpss.Rd:21-22: Undefined control sequence: \root in \root 4 \of {4
     ...
    ur.kpss.Rd:23-24: Undefined control sequence: \root in \root 4 \of
     {12 \...
Flavors: r-devel-linux-x86_64-debian-clang, r-devel-linux-x86_64-debian-gcc

Version: 1.3-0
Check: compiled code
Result: NOTE
    File ‘urca/libs/urca.so’:
     Found no calls to: ‘R_registerRoutines’, ‘R_useDynamicSymbols’
    
    It is good practice to register native routines and to disable symbol
    search.
    
    See ‘Writing portable packages’ in the ‘Writing R Extensions’ manual.
Flavors: r-devel-linux-x86_64-fedora-clang, r-devel-linux-x86_64-fedora-gcc