CRAN Package Check Results for Package unine

Last updated on 2022-10-01 13:51:47 CEST.

Flavor Version Tinstall Tcheck Ttotal Status Flags
r-devel-linux-x86_64-debian-clang 0.2.0 65.31 31.64 96.95 OK
r-devel-linux-x86_64-debian-gcc 0.2.0 44.55 24.52 69.07 OK
r-devel-linux-x86_64-fedora-clang 0.2.0 165.43 NOTE
r-devel-linux-x86_64-fedora-gcc 0.2.0 139.15 NOTE
r-devel-windows-x86_64 0.2.0 160.00 79.00 239.00 OK
r-patched-linux-x86_64 0.2.0 53.38 29.82 83.20 OK
r-release-linux-x86_64 0.2.0 48.72 30.58 79.30 OK
r-release-macos-arm64 0.2.0 32.00 NOTE
r-release-macos-x86_64 0.2.0 47.00 NOTE
r-release-windows-x86_64 0.2.0 58.00 81.00 139.00 OK
r-oldrel-macos-arm64 0.2.0 39.00 NOTE
r-oldrel-macos-x86_64 0.2.0 69.00 NOTE
r-oldrel-windows-ix86+x86_64 0.2.0 161.00 80.00 241.00 OK

Check Details

Version: 0.2.0
Check: data for non-ASCII characters
Result: NOTE
     Note: found 548 marked UTF-8 strings
Flavors: r-devel-linux-x86_64-fedora-clang, r-devel-linux-x86_64-fedora-gcc, r-release-macos-arm64, r-release-macos-x86_64, r-oldrel-macos-arm64, r-oldrel-macos-x86_64