CRAN Package Check Results for Package unifir

Last updated on 2022-10-07 21:51:23 CEST.

Flavor Version Tinstall Tcheck Ttotal Status Flags
r-devel-linux-x86_64-debian-clang 0.2.2 5.92 83.43 89.35 OK
r-devel-linux-x86_64-debian-gcc 0.2.2 4.13 62.86 66.99 OK
r-devel-linux-x86_64-fedora-clang 0.2.2 119.22 OK
r-devel-linux-x86_64-fedora-gcc 0.2.2 116.53 OK
r-devel-windows-x86_64 0.2.2 39.00 131.00 170.00 OK
r-patched-linux-x86_64 0.2.2 4.35 79.00 83.35 OK
r-release-linux-x86_64 0.2.2 5.38 77.57 82.95 OK
r-release-macos-arm64 0.2.2 31.00 NOTE
r-release-macos-x86_64 0.2.2 46.00 OK
r-release-windows-x86_64 0.2.2 33.00 125.00 158.00 OK
r-oldrel-macos-arm64 0.2.2 33.00 OK
r-oldrel-macos-x86_64 0.2.2 54.00 OK
r-oldrel-windows-ix86+x86_64 0.2.2 9.00 105.00 114.00 OK

Check Details

Version: 0.2.2
Check: package dependencies
Result: NOTE
    Package suggested but not available for checking: ‘terra’
Flavor: r-release-macos-arm64

Version: 0.2.2
Check: Rd cross-references
Result: NOTE
    Package unavailable to check Rd xrefs: ‘terra’
Flavor: r-release-macos-arm64