CRAN Package Check Results for Package unifDAG

Last updated on 2022-10-06 01:50:04 CEST.

Flavor Version Tinstall Tcheck Ttotal Status Flags
r-devel-linux-x86_64-debian-clang 1.0.3 4.40 65.67 70.07 NOTE
r-devel-linux-x86_64-debian-gcc 1.0.3 4.51 51.74 56.25 NOTE
r-devel-linux-x86_64-fedora-clang 1.0.3 100.47 NOTE
r-devel-linux-x86_64-fedora-gcc 1.0.3 100.50 NOTE
r-devel-windows-x86_64 1.0.3 14.00 128.00 142.00 NOTE
r-patched-linux-x86_64 1.0.3 5.80 62.55 68.35 NOTE
r-release-linux-x86_64 1.0.3 5.76 61.96 67.72 NOTE
r-release-macos-arm64 1.0.3 35.00 NOTE
r-release-macos-x86_64 1.0.3 46.00 NOTE
r-release-windows-x86_64 1.0.3 13.00 124.00 137.00 NOTE
r-oldrel-macos-arm64 1.0.3 38.00 NOTE
r-oldrel-macos-x86_64 1.0.3 66.00 NOTE
r-oldrel-windows-ix86+x86_64 1.0.3 12.00 103.00 115.00 NOTE

Check Details

Version: 1.0.3
Check: LazyData
Result: NOTE
     'LazyData' is specified without a 'data' directory
Flavors: r-devel-linux-x86_64-debian-clang, r-devel-linux-x86_64-debian-gcc, r-devel-linux-x86_64-fedora-clang, r-devel-linux-x86_64-fedora-gcc, r-devel-windows-x86_64, r-patched-linux-x86_64, r-release-linux-x86_64, r-release-macos-arm64, r-release-macos-x86_64, r-release-windows-x86_64, r-oldrel-macos-arm64, r-oldrel-macos-x86_64, r-oldrel-windows-ix86+x86_64