CRAN Package Check Results for Package ungroup

Last updated on 2022-08-17 06:51:31 CEST.

Flavor Version Tinstall Tcheck Ttotal Status Flags
r-devel-linux-x86_64-debian-clang 1.4.2 53.71 123.28 176.99 OK
r-devel-linux-x86_64-debian-gcc 1.4.2 OK
r-devel-linux-x86_64-fedora-clang 1.4.2 231.98 OK
r-devel-linux-x86_64-fedora-gcc 1.4.2 241.93 OK
r-devel-windows-x86_64 1.4.2 60.00 185.00 245.00 OK
r-patched-linux-x86_64 1.4.2 45.59 121.74 167.33 OK
r-release-linux-x86_64 1.4.2 43.65 122.57 166.22 OK
r-release-macos-arm64 1.4.2 66.00 NOTE
r-release-macos-x86_64 1.4.2 90.00 NOTE
r-release-windows-x86_64 1.4.2 58.00 192.00 250.00 OK
r-oldrel-macos-arm64 1.4.2 74.00 NOTE
r-oldrel-macos-x86_64 1.4.2 84.00 NOTE
r-oldrel-windows-ix86+x86_64 1.4.2 116.00 245.00 361.00 OK

Check Details

Version: 1.4.2
Check: installed package size
Result: NOTE
     installed size is 15.3Mb
     sub-directories of 1Mb or more:
     libs 14.6Mb
Flavors: r-release-macos-arm64, r-release-macos-x86_64, r-oldrel-macos-arm64, r-oldrel-macos-x86_64