CRAN Package Check Results for Package understandBPMN

Last updated on 2022-08-12 00:50:02 CEST.

Flavor Version Tinstall Tcheck Ttotal Status Flags
r-devel-linux-x86_64-debian-clang 1.1.1 48.69 122.07 170.76 NOTE
r-devel-linux-x86_64-debian-gcc 1.1.1 37.22 89.23 126.45 NOTE
r-devel-linux-x86_64-fedora-clang 1.1.1 219.54 NOTE
r-devel-linux-x86_64-fedora-gcc 1.1.1 227.36 NOTE
r-devel-windows-x86_64 1.1.1 110.00 165.00 275.00 NOTE
r-patched-linux-x86_64 1.1.1 39.92 114.54 154.46 NOTE
r-release-linux-x86_64 1.1.1 32.15 113.52 145.67 NOTE
r-release-macos-arm64 1.1.1 50.00 NOTE
r-release-macos-x86_64 1.1.1 87.00 NOTE
r-release-windows-x86_64 1.1.1 90.00 166.00 256.00 NOTE
r-oldrel-macos-arm64 1.1.1 59.00 NOTE
r-oldrel-macos-x86_64 1.1.1 93.00 NOTE
r-oldrel-windows-ix86+x86_64 1.1.1 123.00 214.00 337.00 NOTE

Check Details

Version: 1.1.1
Check: package subdirectories
Result: NOTE
    Problems with news in 'NEWS.md':
    No news entries found.
Flavors: r-devel-linux-x86_64-debian-clang, r-devel-linux-x86_64-debian-gcc, r-devel-linux-x86_64-fedora-clang, r-devel-linux-x86_64-fedora-gcc, r-devel-windows-x86_64

Version: 1.1.1
Check: LazyData
Result: NOTE
     'LazyData' is specified without a 'data' directory
Flavors: r-devel-linux-x86_64-debian-clang, r-devel-linux-x86_64-debian-gcc, r-devel-linux-x86_64-fedora-clang, r-devel-linux-x86_64-fedora-gcc, r-devel-windows-x86_64, r-patched-linux-x86_64, r-release-linux-x86_64, r-release-macos-arm64, r-release-macos-x86_64, r-release-windows-x86_64, r-oldrel-macos-arm64, r-oldrel-macos-x86_64, r-oldrel-windows-ix86+x86_64