CRAN Package Check Results for Package uaparserjs

Last updated on 2022-09-25 12:56:11 CEST.

Flavor Version Tinstall Tcheck Ttotal Status Flags
r-devel-linux-x86_64-debian-clang 0.3.5 4.36 41.00 45.36 NOTE
r-devel-linux-x86_64-debian-gcc 0.3.5 3.51 31.71 35.22 NOTE
r-devel-linux-x86_64-fedora-clang 0.3.5 66.66 NOTE
r-devel-linux-x86_64-fedora-gcc 0.3.5 70.69 NOTE
r-devel-windows-x86_64 0.3.5 15.00 62.00 77.00 NOTE
r-patched-linux-x86_64 0.3.5 4.46 39.48 43.94 OK
r-release-linux-x86_64 0.3.5 3.47 40.02 43.49 OK
r-release-macos-arm64 0.3.5 17.00 OK
r-release-macos-x86_64 0.3.5 28.00 OK
r-release-windows-x86_64 0.3.5 14.00 66.00 80.00 OK
r-oldrel-macos-arm64 0.3.5 27.00 OK
r-oldrel-macos-x86_64 0.3.5 34.00 OK
r-oldrel-windows-ix86+x86_64 0.3.5 14.00 76.00 90.00 OK

Check Details

Version: 0.3.5
Check: package subdirectories
Result: NOTE
    Problems with news in 'NEWS.md':
    No news entries found.
Flavors: r-devel-linux-x86_64-debian-clang, r-devel-linux-x86_64-debian-gcc, r-devel-linux-x86_64-fedora-clang, r-devel-linux-x86_64-fedora-gcc, r-devel-windows-x86_64