CRAN Package Check Results for Package twn

Last updated on 2022-08-13 18:51:15 CEST.

Flavor Version Tinstall Tcheck Ttotal Status Flags
r-devel-linux-x86_64-debian-clang 0.2.2 9.57 67.76 77.33 OK
r-devel-linux-x86_64-debian-gcc 0.2.2 8.58 50.57 59.15 OK
r-devel-linux-x86_64-fedora-clang 0.2.2 103.72 NOTE
r-devel-linux-x86_64-fedora-gcc 0.2.2 106.38 NOTE
r-devel-windows-x86_64 0.2.2 20.00 97.00 117.00 OK
r-patched-linux-x86_64 0.2.2 9.72 63.49 73.21 OK
r-release-linux-x86_64 0.2.2 10.88 63.17 74.05 OK
r-release-macos-arm64 0.2.2 35.00 NOTE
r-release-macos-x86_64 0.2.2 50.00 NOTE
r-release-windows-x86_64 0.2.2 21.00 98.00 119.00 OK
r-oldrel-macos-arm64 0.2.2 32.00 NOTE
r-oldrel-macos-x86_64 0.2.2 47.00 NOTE
r-oldrel-windows-ix86+x86_64 0.2.2 30.00 84.00 114.00 OK

Check Details

Version: 0.2.2
Check: data for non-ASCII characters
Result: NOTE
     Note: found 9 marked UTF-8 strings
Flavors: r-devel-linux-x86_64-fedora-clang, r-devel-linux-x86_64-fedora-gcc, r-release-macos-arm64, r-release-macos-x86_64, r-oldrel-macos-arm64, r-oldrel-macos-x86_64