CRAN Package Check Results for Package twitterwidget

Last updated on 2024-06-19 00:49:43 CEST.

Flavor Version Tinstall Tcheck Ttotal Status Flags
r-devel-linux-x86_64-debian-clang 0.1.1 2.52 28.05 30.57 NOTE
r-devel-linux-x86_64-debian-gcc 0.1.1 2.34 22.56 24.90 NOTE
r-devel-linux-x86_64-fedora-clang 0.1.1 40.29 NOTE
r-devel-linux-x86_64-fedora-gcc 0.1.1 38.42 NOTE
r-devel-windows-x86_64 0.1.1 4.00 48.00 52.00 NOTE
r-patched-linux-x86_64 0.1.1 2.27 27.80 30.07 NOTE
r-release-linux-x86_64 0.1.1 1.84 27.77 29.61 NOTE
r-release-macos-arm64 0.1.1 17.00 NOTE
r-release-macos-x86_64 0.1.1 25.00 NOTE
r-release-windows-x86_64 0.1.1 5.00 50.00 55.00 NOTE
r-oldrel-macos-arm64 0.1.1 18.00 NOTE
r-oldrel-macos-x86_64 0.1.1 23.00 NOTE
r-oldrel-windows-x86_64 0.1.1 4.00 51.00 55.00 NOTE

Check Details

Version: 0.1.1
Check: LazyData
Result: NOTE 'LazyData' is specified without a 'data' directory Flavors: r-devel-linux-x86_64-debian-clang, r-devel-linux-x86_64-debian-gcc, r-devel-linux-x86_64-fedora-clang, r-devel-linux-x86_64-fedora-gcc, r-devel-windows-x86_64, r-patched-linux-x86_64, r-release-linux-x86_64, r-release-macos-arm64, r-release-macos-x86_64, r-release-windows-x86_64, r-oldrel-macos-arm64, r-oldrel-macos-x86_64, r-oldrel-windows-x86_64