CRAN Package Check Results for Package twitteR

Last updated on 2022-09-25 12:56:11 CEST.

Flavor Version Tinstall Tcheck Ttotal Status Flags
r-devel-linux-x86_64-debian-clang 1.1.9 8.81 45.73 54.54 NOTE
r-devel-linux-x86_64-debian-gcc 1.1.9 7.83 35.48 43.31 NOTE
r-devel-linux-x86_64-fedora-clang 1.1.9 77.85 NOTE
r-devel-linux-x86_64-fedora-gcc 1.1.9 75.21 NOTE
r-devel-windows-x86_64 1.1.9 31.00 74.00 105.00 NOTE
r-patched-linux-x86_64 1.1.9 10.71 44.82 55.53 NOTE
r-release-linux-x86_64 1.1.9 8.50 44.33 52.83 NOTE
r-release-macos-arm64 1.1.9 19.00 NOTE
r-release-macos-x86_64 1.1.9 31.00 NOTE
r-release-windows-x86_64 1.1.9 41.00 77.00 118.00 NOTE
r-oldrel-macos-arm64 1.1.9 24.00 NOTE
r-oldrel-macos-x86_64 1.1.9 38.00 NOTE
r-oldrel-windows-ix86+x86_64 1.1.9 20.00 69.00 89.00 NOTE

Check Details

Version: 1.1.9
Check: LazyData
Result: NOTE
     'LazyData' is specified without a 'data' directory
Flavors: r-devel-linux-x86_64-debian-clang, r-devel-linux-x86_64-debian-gcc, r-devel-linux-x86_64-fedora-clang, r-devel-linux-x86_64-fedora-gcc, r-devel-windows-x86_64, r-patched-linux-x86_64, r-release-linux-x86_64, r-release-macos-arm64, r-release-macos-x86_64, r-release-windows-x86_64, r-oldrel-macos-arm64, r-oldrel-macos-x86_64, r-oldrel-windows-ix86+x86_64