CRAN Package Check Results for Package tsxtreme

Last updated on 2022-11-27 06:53:11 CET.

Flavor Version Tinstall Tcheck Ttotal Status Flags
r-devel-linux-x86_64-debian-clang 0.3.3 8.59 40.38 48.97 NOTE
r-devel-linux-x86_64-debian-gcc 0.3.3 7.57 30.94 38.51 NOTE
r-devel-linux-x86_64-fedora-clang 0.3.3 73.56 NOTE
r-devel-linux-x86_64-fedora-gcc 0.3.3 71.83 NOTE
r-devel-windows-x86_64 0.3.3 32.00 74.00 106.00 NOTE
r-patched-linux-x86_64 0.3.3 9.18 37.12 46.30 OK
r-release-linux-x86_64 0.3.3 8.50 38.08 46.58 OK
r-release-macos-arm64 0.3.3 22.00 OK
r-release-macos-x86_64 0.3.3 29.00 OK
r-release-windows-x86_64 0.3.3 20.00 71.00 91.00 OK
r-oldrel-macos-arm64 0.3.3 25.00 OK
r-oldrel-macos-x86_64 0.3.3 42.00 OK
r-oldrel-windows-ix86+x86_64 0.3.3 21.00 77.00 98.00 OK

Check Details

Version: 0.3.3
Check: package subdirectories
Result: NOTE
    Problems with news in 'NEWS.md':
    No news entries found.
Flavors: r-devel-linux-x86_64-debian-clang, r-devel-linux-x86_64-debian-gcc, r-devel-linux-x86_64-fedora-clang, r-devel-linux-x86_64-fedora-gcc, r-devel-windows-x86_64