CRAN Package Check Results for Package tsmp

Last updated on 2022-09-25 12:56:11 CEST.

Flavor Version Tinstall Tcheck Ttotal Status Flags
r-devel-linux-x86_64-debian-clang 0.4.15 58.18 123.58 181.76 NOTE
r-devel-linux-x86_64-debian-gcc 0.4.15 44.45 91.85 136.30 NOTE
r-devel-linux-x86_64-fedora-clang 0.4.15 244.81 NOTE
r-devel-linux-x86_64-fedora-gcc 0.4.15 229.41 NOTE
r-devel-windows-x86_64 0.4.15 94.00 186.00 280.00 NOTE
r-patched-linux-x86_64 0.4.15 52.22 114.61 166.83 NOTE
r-release-linux-x86_64 0.4.15 50.00 114.50 164.50 NOTE
r-release-macos-arm64 0.4.15 63.00 NOTE
r-release-macos-x86_64 0.4.15 81.00 NOTE
r-release-windows-x86_64 0.4.15 86.00 168.00 254.00 NOTE
r-oldrel-macos-arm64 0.4.15 59.00 NOTE
r-oldrel-macos-x86_64 0.4.15 82.00 NOTE
r-oldrel-windows-ix86+x86_64 0.4.15 121.00 194.00 315.00 NOTE

Check Details

Version: 0.4.15
Check: for GNU extensions in Makefiles
Result: NOTE
    GNU make is a SystemRequirements.
Flavors: r-devel-linux-x86_64-debian-clang, r-devel-linux-x86_64-debian-gcc, r-devel-linux-x86_64-fedora-clang, r-devel-linux-x86_64-fedora-gcc, r-devel-windows-x86_64, r-patched-linux-x86_64, r-release-linux-x86_64, r-release-macos-arm64, r-release-macos-x86_64, r-release-windows-x86_64, r-oldrel-macos-arm64, r-oldrel-macos-x86_64, r-oldrel-windows-ix86+x86_64

Version: 0.4.15
Check: installed package size
Result: NOTE
     installed size is 6.4Mb
     sub-directories of 1Mb or more:
     data 4.6Mb
Flavors: r-devel-linux-x86_64-fedora-clang, r-devel-windows-x86_64, r-release-macos-arm64, r-release-macos-x86_64, r-release-windows-x86_64, r-oldrel-macos-arm64, r-oldrel-macos-x86_64, r-oldrel-windows-ix86+x86_64