Last updated on 2022-06-28 00:51:28 CEST.
Flavor | Version | Tinstall | Tcheck | Ttotal | Status | Flags |
---|---|---|---|---|---|---|
r-devel-linux-x86_64-debian-clang | 1.0.2 | 9.99 | 114.64 | 124.63 | NOTE | |
r-devel-linux-x86_64-debian-gcc | 1.0.2 | 6.45 | 84.17 | 90.62 | NOTE | |
r-devel-linux-x86_64-fedora-clang | 1.0.2 | 154.27 | NOTE | |||
r-devel-linux-x86_64-fedora-gcc | 1.0.2 | 153.05 | NOTE | |||
r-devel-windows-x86_64 | 1.0.2 | 42.00 | 144.00 | 186.00 | NOTE | |
r-patched-linux-x86_64 | 1.0.2 | 7.89 | 107.49 | 115.38 | NOTE | |
r-release-linux-x86_64 | 1.0.2 | 7.60 | 106.29 | 113.89 | NOTE | |
r-release-macos-arm64 | 1.0.2 | 49.00 | NOTE | |||
r-release-macos-x86_64 | 1.0.2 | 109.00 | NOTE | |||
r-release-windows-x86_64 | 1.0.2 | 20.00 | 141.00 | 161.00 | NOTE | |
r-oldrel-macos-arm64 | 1.0.2 | 68.00 | NOTE | |||
r-oldrel-macos-x86_64 | 1.0.2 | 78.00 | NOTE | |||
r-oldrel-windows-ix86+x86_64 | 1.0.2 | 23.00 | 134.00 | 157.00 | NOTE |
Version: 1.0.2
Check: LazyData
Result: NOTE
'LazyData' is specified without a 'data' directory
Flavors: r-devel-linux-x86_64-debian-clang, r-devel-linux-x86_64-debian-gcc, r-devel-linux-x86_64-fedora-clang, r-devel-linux-x86_64-fedora-gcc, r-devel-windows-x86_64, r-patched-linux-x86_64, r-release-linux-x86_64, r-release-macos-arm64, r-release-macos-x86_64, r-release-windows-x86_64, r-oldrel-macos-arm64, r-oldrel-macos-x86_64, r-oldrel-windows-ix86+x86_64