CRAN Package Check Results for Package tseriesChaos

Last updated on 2022-10-07 00:49:38 CEST.

Flavor Version Tinstall Tcheck Ttotal Status Flags
r-devel-linux-x86_64-debian-clang 0.1-13.1 5.25 29.98 35.23 OK
r-devel-linux-x86_64-debian-gcc 0.1-13.1 3.57 22.98 26.55 OK
r-devel-linux-x86_64-fedora-clang 0.1-13.1 55.00 NOTE
r-devel-linux-x86_64-fedora-gcc 0.1-13.1 53.98 NOTE
r-devel-windows-x86_64 0.1-13.1 26.00 62.00 88.00 OK
r-patched-linux-x86_64 0.1-13.1 4.25 29.43 33.68 OK
r-release-linux-x86_64 0.1-13.1 4.10 28.58 32.68 OK
r-release-macos-arm64 0.1-13.1 20.00 OK
r-release-macos-x86_64 0.1-13.1 24.00 OK
r-release-windows-x86_64 0.1-13.1 48.00 69.00 117.00 OK
r-oldrel-macos-arm64 0.1-13.1 25.00 OK
r-oldrel-macos-x86_64 0.1-13.1 33.00 OK
r-oldrel-windows-ix86+x86_64 0.1-13.1 17.00 65.00 82.00 OK

Check Details

Version: 0.1-13.1
Check: compiled code
Result: NOTE
    File ‘tseriesChaos/libs/tseriesChaos.so’:
     Found no calls to: ‘R_registerRoutines’, ‘R_useDynamicSymbols’
    
    It is good practice to register native routines and to disable symbol
    search.
    
    See ‘Writing portable packages’ in the ‘Writing R Extensions’ manual.
Flavors: r-devel-linux-x86_64-fedora-clang, r-devel-linux-x86_64-fedora-gcc