CRAN Package Check Results for Package tsBSS

Last updated on 2022-10-07 21:51:23 CEST.

Flavor Version Tinstall Tcheck Ttotal Status Flags
r-devel-linux-x86_64-debian-clang 1.0.0 45.87 165.37 211.24 OK
r-devel-linux-x86_64-debian-gcc 1.0.0 37.30 120.20 157.50 NOTE
r-devel-linux-x86_64-fedora-clang 1.0.0 283.14 OK
r-devel-linux-x86_64-fedora-gcc 1.0.0 265.00 OK
r-devel-windows-x86_64 1.0.0 48.00 201.00 249.00 OK
r-patched-linux-x86_64 1.0.0 36.17 151.79 187.96 OK
r-release-linux-x86_64 1.0.0 31.29 149.68 180.97 OK
r-release-macos-arm64 1.0.0 70.00 OK
r-release-macos-x86_64 1.0.0 124.00 NOTE
r-release-windows-x86_64 1.0.0 50.00 207.00 257.00 OK
r-oldrel-macos-arm64 1.0.0 80.00 OK
r-oldrel-macos-x86_64 1.0.0 87.00 OK
r-oldrel-windows-ix86+x86_64 1.0.0 102.00 265.00 367.00 OK

Check Details

Version: 1.0.0
Check: compilation flags used
Result: NOTE
    Compilation used the following non-portable flag(s):
     ‘-Wstrict-prototypes’
Flavor: r-devel-linux-x86_64-debian-gcc

Version: 1.0.0
Check: package dependencies
Result: NOTE
    Package suggested but not available for checking: ‘MTS’
Flavor: r-release-macos-x86_64

Version: 1.0.0
Check: Rd cross-references
Result: NOTE
    Package unavailable to check Rd xrefs: ‘MTS’
Flavor: r-release-macos-x86_64