Last updated on 2022-08-11 18:50:30 CEST.
Flavor | Version | Tinstall | Tcheck | Ttotal | Status | Flags |
---|---|---|---|---|---|---|
r-devel-linux-x86_64-debian-clang | 0.8.7.3 | 51.67 | 94.80 | 146.47 | OK | |
r-devel-linux-x86_64-debian-gcc | 0.8.7.3 | 34.93 | 71.86 | 106.79 | OK | |
r-devel-linux-x86_64-fedora-clang | 0.8.7.3 | 193.02 | NOTE | |||
r-devel-linux-x86_64-fedora-gcc | 0.8.7.3 | 199.08 | OK | |||
r-devel-windows-x86_64 | 0.8.7.3 | 42.00 | 140.00 | 182.00 | OK | |
r-patched-linux-x86_64 | 0.8.7.3 | 41.50 | 90.15 | 131.65 | OK | |
r-release-linux-x86_64 | 0.8.7.3 | 47.53 | 92.28 | 139.81 | OK | |
r-release-macos-arm64 | 0.8.7.3 | 51.00 | NOTE | |||
r-release-macos-x86_64 | 0.8.7.3 | 70.00 | NOTE | |||
r-release-windows-x86_64 | 0.8.7.3 | 217.00 | 139.00 | 356.00 | OK | |
r-oldrel-macos-arm64 | 0.8.7.3 | 55.00 | NOTE | |||
r-oldrel-macos-x86_64 | 0.8.7.3 | 69.00 | NOTE | |||
r-oldrel-windows-ix86+x86_64 | 0.8.7.3 | 107.00 | 138.00 | 245.00 | OK |
Version: 0.8.7.3
Check: installed package size
Result: NOTE
installed size is 6.9Mb
sub-directories of 1Mb or more:
libs 6.6Mb
Flavors: r-devel-linux-x86_64-fedora-clang, r-release-macos-arm64, r-release-macos-x86_64, r-oldrel-macos-arm64, r-oldrel-macos-x86_64