CRAN Package Check Results for Package trundler

Last updated on 2020-09-21 19:59:16 CEST.

Flavor Version Tinstall Tcheck Ttotal Status Flags
r-devel-linux-x86_64-debian-clang 0.1.19 5.96 48.79 54.75 OK
r-devel-linux-x86_64-debian-gcc 0.1.19 4.54 37.25 41.79 OK
r-devel-linux-x86_64-fedora-clang 0.1.19 86.47 OK
r-devel-linux-x86_64-fedora-gcc 0.1.19 66.75 OK
r-devel-windows-ix86+x86_64 0.1.19 14.00 68.00 82.00 OK
r-patched-linux-x86_64 0.1.19 6.22 47.69 53.91 OK
r-patched-solaris-x86 0.1.19 100.70 NOTE
r-release-linux-x86_64 0.1.19 5.67 47.97 53.64 OK
r-release-macos-x86_64 0.1.19 OK
r-release-windows-ix86+x86_64 0.1.19 14.00 98.00 112.00 OK
r-oldrel-macos-x86_64 0.1.19 OK
r-oldrel-windows-ix86+x86_64 0.1.19 10.00 72.00 82.00 OK

Check Details

Version: 0.1.19
Check: package dependencies
Result: NOTE
    Package suggested but not available for checking: ‘RPostgres’
Flavor: r-patched-solaris-x86