CRAN Package Check Results for Package troopdata

Last updated on 2022-08-11 00:51:08 CEST.

Flavor Version Tinstall Tcheck Ttotal Status Flags
r-devel-linux-x86_64-debian-clang 0.1.5 3.28 31.01 34.29 OK
r-devel-linux-x86_64-debian-gcc 0.1.5 2.72 24.33 27.05 OK
r-devel-linux-x86_64-fedora-clang 0.1.5 51.52 NOTE
r-devel-linux-x86_64-fedora-gcc 0.1.5 53.27 NOTE
r-devel-windows-x86_64 0.1.5 21.00 61.00 82.00 OK
r-patched-linux-x86_64 0.1.5 3.01 29.98 32.99 OK
r-release-linux-x86_64 0.1.5 OK
r-release-macos-arm64 0.1.5 17.00 NOTE
r-release-macos-x86_64 0.1.5 31.00 NOTE
r-release-windows-x86_64 0.1.5 13.00 61.00 74.00 OK
r-oldrel-macos-arm64 0.1.5 20.00 NOTE
r-oldrel-macos-x86_64 0.1.5 23.00 NOTE
r-oldrel-windows-ix86+x86_64 0.1.5 8.00 61.00 69.00 OK

Check Details

Version: 0.1.5
Check: dependencies in R code
Result: NOTE
    Namespace in Imports field not imported from: ‘tibble’
     All declared Imports should be used.
Flavors: r-devel-linux-x86_64-fedora-clang, r-devel-linux-x86_64-fedora-gcc, r-release-macos-arm64, r-release-macos-x86_64, r-oldrel-macos-arm64, r-oldrel-macos-x86_64

Version: 0.1.5
Check: data for non-ASCII characters
Result: NOTE
     Note: found 1 marked UTF-8 string
Flavors: r-devel-linux-x86_64-fedora-clang, r-devel-linux-x86_64-fedora-gcc, r-release-macos-arm64, r-release-macos-x86_64, r-oldrel-macos-arm64, r-oldrel-macos-x86_64