CRAN Package Check Results for Package triplot

Last updated on 2022-10-02 21:53:56 CEST.

Flavor Version Tinstall Tcheck Ttotal Status Flags
r-devel-linux-x86_64-debian-clang 1.3.0 12.62 136.29 148.91 NOTE
r-devel-linux-x86_64-debian-gcc 1.3.0 9.35 98.82 108.17 NOTE
r-devel-linux-x86_64-fedora-clang 1.3.0 186.77 NOTE
r-devel-linux-x86_64-fedora-gcc 1.3.0 182.22 NOTE
r-devel-windows-x86_64 1.3.0 16.00 169.00 185.00 NOTE
r-patched-linux-x86_64 1.3.0 11.30 124.75 136.05 NOTE
r-release-linux-x86_64 1.3.0 7.94 123.66 131.60 NOTE
r-release-macos-arm64 1.3.0 46.00 NOTE
r-release-macos-x86_64 1.3.0 86.00 NOTE
r-release-windows-x86_64 1.3.0 26.00 174.00 200.00 NOTE
r-oldrel-macos-arm64 1.3.0 48.00 NOTE
r-oldrel-macos-x86_64 1.3.0 91.00 NOTE
r-oldrel-windows-ix86+x86_64 1.3.0 27.00 152.00 179.00 NOTE

Check Details

Version: 1.3.0
Check: LazyData
Result: NOTE
     'LazyData' is specified without a 'data' directory
Flavors: r-devel-linux-x86_64-debian-clang, r-devel-linux-x86_64-debian-gcc, r-devel-linux-x86_64-fedora-clang, r-devel-linux-x86_64-fedora-gcc, r-devel-windows-x86_64, r-patched-linux-x86_64, r-release-linux-x86_64, r-release-macos-arm64, r-release-macos-x86_64, r-release-windows-x86_64, r-oldrel-macos-arm64, r-oldrel-macos-x86_64, r-oldrel-windows-ix86+x86_64