CRAN Package Check Results for Package tripack

Last updated on 2022-08-19 06:52:38 CEST.

Flavor Version Tinstall Tcheck Ttotal Status Flags
r-devel-linux-x86_64-debian-clang 1.3-9.1 7.61 38.05 45.66 OK
r-devel-linux-x86_64-debian-gcc 1.3-9.1 6.43 29.42 35.85 OK
r-devel-linux-x86_64-fedora-clang 1.3-9.1 67.23 NOTE
r-devel-linux-x86_64-fedora-gcc 1.3-9.1 68.93 OK
r-devel-windows-x86_64 1.3-9.1 36.00 62.00 98.00 OK
r-patched-linux-x86_64 1.3-9.1 8.48 36.48 44.96 OK
r-release-linux-x86_64 1.3-9.1 OK
r-release-macos-arm64 1.3-9.1 25.00 OK
r-release-macos-x86_64 1.3-9.1 32.00 OK
r-release-windows-x86_64 1.3-9.1 20.00 60.00 80.00 OK
r-oldrel-macos-arm64 1.3-9.1 30.00 OK
r-oldrel-macos-x86_64 1.3-9.1 44.00 OK
r-oldrel-windows-ix86+x86_64 1.3-9.1 22.00 51.00 73.00 OK

Check Details

Version: 1.3-9.1
Check: Rd cross-references
Result: NOTE
    Undeclared package ‘akima’ in Rd xrefs
Flavor: r-devel-linux-x86_64-fedora-clang