CRAN Package Check Results for Package trekfont

Last updated on 2020-07-07 02:08:38 CEST.

Flavor Version Tinstall Tcheck Ttotal Status Flags
r-devel-linux-x86_64-debian-clang 0.9.3 2.41 17.45 19.86 OK
r-devel-linux-x86_64-debian-gcc 0.9.3 1.59 14.37 15.96 OK
r-devel-linux-x86_64-fedora-clang 0.9.3 32.05 OK
r-devel-linux-x86_64-fedora-gcc 0.9.3 23.79 OK
r-devel-windows-ix86+x86_64 0.9.3 6.00 29.00 35.00 OK
r-patched-linux-x86_64 0.9.3 2.31 18.06 20.37 OK
r-patched-solaris-x86 0.9.3 38.00 NOTE
r-release-linux-x86_64 0.9.3 2.21 17.59 19.80 OK
r-release-osx-x86_64 0.9.3 OK
r-release-windows-ix86+x86_64 0.9.3 6.00 39.00 45.00 OK
r-oldrel-osx-x86_64 0.9.3 OK
r-oldrel-windows-ix86+x86_64 0.9.3 6.00 38.00 44.00 OK

Check Details

Version: 0.9.3
Check: installed package size
Result: NOTE
     installed size is 5.3Mb
     sub-directories of 1Mb or more:
     fonts 5.3Mb
Flavor: r-patched-solaris-x86