CRAN Package Check Results for Package treetop

Last updated on 2022-08-11 00:51:08 CEST.

Flavor Version Tinstall Tcheck Ttotal Status Flags
r-devel-linux-x86_64-debian-clang 0.0.4 40.03 369.52 409.55 OK
r-devel-linux-x86_64-debian-gcc 0.0.4 36.37 272.92 309.29 OK
r-devel-linux-x86_64-fedora-clang 0.0.4 469.74 NOTE
r-devel-linux-x86_64-fedora-gcc 0.0.4 521.65 NOTE
r-devel-windows-x86_64 0.0.4 45.00 354.00 399.00 OK
r-patched-linux-x86_64 0.0.4 39.23 354.93 394.16 OK
r-release-linux-x86_64 0.0.4 OK
r-release-macos-arm64 0.0.4 98.00 NOTE
r-release-macos-x86_64 0.0.4 186.00 NOTE
r-release-windows-x86_64 0.0.4 44.00 354.00 398.00 OK
r-oldrel-macos-arm64 0.0.4 86.00 NOTE
r-oldrel-macos-x86_64 0.0.4 136.00 NOTE
r-oldrel-windows-ix86+x86_64 0.0.4 92.00 358.00 450.00 OK

Check Details

Version: 0.0.4
Check: dependencies in R code
Result: NOTE
    Namespace in Imports field not imported from: ‘rgeos’
     All declared Imports should be used.
Flavors: r-devel-linux-x86_64-fedora-clang, r-devel-linux-x86_64-fedora-gcc, r-release-macos-arm64, r-release-macos-x86_64, r-oldrel-macos-arm64, r-oldrel-macos-x86_64