Last updated on 2025-01-23 12:55:16 CET.
Flavor | Version | Tinstall | Tcheck | Ttotal | Status | Flags |
---|---|---|---|---|---|---|
r-devel-linux-x86_64-debian-clang | 1.1.4.3 | 29.06 | 171.75 | 200.81 | NOTE | |
r-devel-linux-x86_64-debian-gcc | 1.1.4.3 | 20.18 | 133.59 | 153.77 | NOTE | |
r-devel-linux-x86_64-fedora-clang | 1.1.4.3 | 328.57 | OK | |||
r-devel-linux-x86_64-fedora-gcc | 1.1.4.3 | 311.79 | OK | |||
r-devel-windows-x86_64 | 1.1.4.3 | 34.00 | 175.00 | 209.00 | NOTE | |
r-patched-linux-x86_64 | 1.1.4.3 | 30.57 | 156.35 | 186.92 | OK | |
r-release-linux-x86_64 | 1.1.4.3 | 25.21 | 157.00 | 182.21 | OK | |
r-release-macos-arm64 | 1.1.4.3 | 87.00 | OK | |||
r-release-macos-x86_64 | 1.1.4.3 | 135.00 | OK | |||
r-release-windows-x86_64 | 1.1.4.3 | 29.00 | 178.00 | 207.00 | OK | |
r-oldrel-macos-arm64 | 1.1.4.3 | 137.00 | OK | |||
r-oldrel-macos-x86_64 | 1.1.4.3 | 202.00 | OK | |||
r-oldrel-windows-x86_64 | 1.1.4.3 | 40.00 | 230.00 | 270.00 | OK |
Version: 1.1.4.3
Check: Rd cross-references
Result: NOTE
Found the following Rd file(s) with Rd \link{} targets missing package
anchors:
plotGroves.Rd: s.class
plotGrovesD3.Rd: scatterD3
plotTreeDiff.Rd: plot.phylo
Please provide package anchors for all Rd \link{} targets not in the
package itself and the base packages.
Flavors: r-devel-linux-x86_64-debian-clang, r-devel-linux-x86_64-debian-gcc, r-devel-windows-x86_64