CRAN Package Check Results for Package tree.interpreter

Last updated on 2023-09-30 00:56:21 CEST.

Flavor Version Tinstall Tcheck Ttotal Status Flags
r-devel-linux-x86_64-debian-clang 0.1.1 42.15 55.78 97.93 NOTE
r-devel-linux-x86_64-debian-gcc 0.1.1 28.47 43.35 71.82 NOTE
r-devel-linux-x86_64-fedora-clang 0.1.1 141.74 NOTE
r-devel-linux-x86_64-fedora-gcc 0.1.1 154.12 NOTE
r-devel-windows-x86_64 0.1.1 32.00 83.00 115.00 NOTE
r-patched-linux-x86_64 0.1.1 45.32 54.66 99.98 NOTE
r-release-linux-x86_64 0.1.1 45.23 55.28 100.51 NOTE
r-release-macos-arm64 0.1.1 48.00 NOTE
r-release-macos-x86_64 0.1.1 77.00 NOTE
r-release-windows-x86_64 0.1.1 44.00 91.00 135.00 NOTE
r-oldrel-macos-arm64 0.1.1 39.00 OK
r-oldrel-macos-x86_64 0.1.1 51.00 OK
r-oldrel-windows-x86_64 0.1.1 42.00 91.00 133.00 OK

Check Details

Version: 0.1.1
Check: C++ specification
Result: NOTE
     Specified C++11: please drop specification unless essential
Flavors: r-devel-linux-x86_64-debian-clang, r-devel-linux-x86_64-debian-gcc, r-devel-linux-x86_64-fedora-clang, r-devel-linux-x86_64-fedora-gcc, r-devel-windows-x86_64, r-patched-linux-x86_64, r-release-linux-x86_64, r-release-macos-arm64, r-release-macos-x86_64, r-release-windows-x86_64