CRAN Package Check Results for Package transx

Last updated on 2022-10-02 21:53:56 CEST.

Flavor Version Tinstall Tcheck Ttotal Status Flags
r-devel-linux-x86_64-debian-clang 0.0.1 3.80 61.64 65.44 NOTE
r-devel-linux-x86_64-debian-gcc 0.0.1 2.70 47.50 50.20 NOTE
r-devel-linux-x86_64-fedora-clang 0.0.1 93.94 NOTE
r-devel-linux-x86_64-fedora-gcc 0.0.1 92.75 NOTE
r-devel-windows-x86_64 0.0.1 26.00 102.00 128.00 NOTE
r-patched-linux-x86_64 0.0.1 3.40 59.22 62.62 NOTE
r-release-linux-x86_64 0.0.1 3.51 58.39 61.90 NOTE
r-release-macos-arm64 0.0.1 29.00 NOTE
r-release-macos-x86_64 0.0.1 38.00 NOTE
r-release-windows-x86_64 0.0.1 39.00 101.00 140.00 NOTE
r-oldrel-macos-arm64 0.0.1 30.00 NOTE
r-oldrel-macos-x86_64 0.0.1 49.00 NOTE
r-oldrel-windows-ix86+x86_64 0.0.1 10.00 91.00 101.00 NOTE

Check Details

Version: 0.0.1
Check: LazyData
Result: NOTE
     'LazyData' is specified without a 'data' directory
Flavors: r-devel-linux-x86_64-debian-clang, r-devel-linux-x86_64-debian-gcc, r-devel-linux-x86_64-fedora-clang, r-devel-linux-x86_64-fedora-gcc, r-devel-windows-x86_64, r-patched-linux-x86_64, r-release-linux-x86_64, r-release-macos-arm64, r-release-macos-x86_64, r-release-windows-x86_64, r-oldrel-macos-arm64, r-oldrel-macos-x86_64, r-oldrel-windows-ix86+x86_64