CRAN Package Check Results for Package transfR

Last updated on 2022-10-07 12:55:18 CEST.

Flavor Version Tinstall Tcheck Ttotal Status Flags
r-devel-linux-x86_64-debian-clang 0.1.2 7.29 102.79 110.08 OK
r-devel-linux-x86_64-debian-gcc 1.0.0 6.09 114.46 120.55 NOTE
r-devel-linux-x86_64-fedora-clang 1.0.0 218.13 OK
r-devel-linux-x86_64-fedora-gcc 0.1.2 138.28 OK
r-devel-windows-x86_64 1.0.0 30.00 373.00 403.00 OK
r-patched-linux-x86_64 0.1.2 5.54 96.03 101.57 OK
r-release-linux-x86_64 0.1.2 7.76 95.33 103.09 OK
r-release-macos-arm64 0.1.2 92.00 OK
r-release-macos-x86_64 1.0.0 310.00 OK
r-release-windows-x86_64 1.0.0 26.00 379.00 405.00 OK
r-oldrel-macos-arm64 0.1.2 95.00 OK
r-oldrel-macos-x86_64 1.0.0 279.00 OK
r-oldrel-windows-ix86+x86_64 0.1.2 24.00 340.00 364.00 OK

Check Details

Version: 1.0.0
Check: compilation flags used
Result: NOTE
    Compilation used the following non-portable flag(s):
     ‘-Wstrict-prototypes’
Flavor: r-devel-linux-x86_64-debian-gcc