CRAN Package Check Results for Package transfR

Last updated on 2024-05-22 06:56:57 CEST.

Flavor Version Tinstall Tcheck Ttotal Status Flags
r-devel-linux-x86_64-debian-clang 1.0.11 9.88 112.79 122.67 NOTE
r-devel-linux-x86_64-debian-gcc 1.0.11 6.87 82.07 88.94 NOTE
r-devel-linux-x86_64-fedora-clang 1.0.11 150.80 NOTE
r-devel-linux-x86_64-fedora-gcc 1.0.11 172.62 NOTE
r-devel-windows-x86_64 1.0.11 11.00 411.00 422.00 NOTE
r-patched-linux-x86_64 1.0.11 9.28 108.57 117.85 NOTE
r-release-linux-x86_64 1.0.11 7.01 108.00 115.01 NOTE
r-release-macos-arm64 1.0.11 198.00 NOTE
r-release-windows-x86_64 1.0.11 12.00 407.00 419.00 NOTE
r-oldrel-macos-arm64 1.0.11 198.00 OK
r-oldrel-macos-x86_64 1.0.11 504.00 OK
r-oldrel-windows-x86_64 1.0.11 14.00 401.00 415.00 OK

Check Details

Version: 1.0.11
Check: Rd files
Result: NOTE checkRd: (-1) Blavet.Rd:15: Lost braces in \itemize; meant \describe ? checkRd: (-1) Blavet.Rd:16: Lost braces in \itemize; meant \describe ? checkRd: (-1) Blavet.Rd:17: Lost braces in \itemize; meant \describe ? checkRd: (-1) Blavet.Rd:18: Lost braces in \itemize; meant \describe ? checkRd: (-1) Blavet.Rd:19: Lost braces in \itemize; meant \describe ? checkRd: (-1) Blavet.Rd:20: Lost braces in \itemize; meant \describe ? checkRd: (-1) Blavet.Rd:28: Lost braces in \itemize; meant \describe ? checkRd: (-1) Blavet.Rd:29: Lost braces in \itemize; meant \describe ? checkRd: (-1) Blavet.Rd:30: Lost braces in \itemize; meant \describe ? checkRd: (-1) Oudon.Rd:15: Lost braces in \itemize; meant \describe ? checkRd: (-1) Oudon.Rd:16: Lost braces in \itemize; meant \describe ? checkRd: (-1) Oudon.Rd:17: Lost braces in \itemize; meant \describe ? checkRd: (-1) Oudon.Rd:18: Lost braces in \itemize; meant \describe ? checkRd: (-1) Oudon.Rd:19: Lost braces in \itemize; meant \describe ? checkRd: (-1) Oudon.Rd:20: Lost braces in \itemize; meant \describe ? checkRd: (-1) Oudon.Rd:28: Lost braces in \itemize; meant \describe ? checkRd: (-1) Oudon.Rd:29: Lost braces in \itemize; meant \describe ? Flavors: r-devel-linux-x86_64-debian-clang, r-devel-linux-x86_64-debian-gcc, r-devel-linux-x86_64-fedora-clang, r-devel-linux-x86_64-fedora-gcc, r-devel-windows-x86_64, r-patched-linux-x86_64, r-release-linux-x86_64, r-release-macos-arm64, r-release-windows-x86_64