Last updated on 2022-08-18 00:54:30 CEST.
Flavor | Version | Tinstall | Tcheck | Ttotal | Status | Flags |
---|---|---|---|---|---|---|
r-devel-linux-x86_64-debian-clang | 1.0.2 | 127.25 | 266.80 | 394.05 | OK | |
r-devel-linux-x86_64-debian-gcc | 1.0.2 | OK | ||||
r-devel-linux-x86_64-fedora-clang | 1.0.2 | 502.32 | OK | |||
r-devel-linux-x86_64-fedora-gcc | 1.0.2 | 544.11 | OK | |||
r-devel-windows-x86_64 | 1.0.2 | 135.00 | 372.00 | 507.00 | NOTE | |
r-patched-linux-x86_64 | 1.0.2 | 118.33 | 256.75 | 375.08 | OK | |
r-release-linux-x86_64 | 1.0.2 | 113.27 | 256.00 | 369.27 | OK | |
r-release-macos-arm64 | 1.0.2 | 131.00 | NOTE | |||
r-release-macos-x86_64 | 1.0.2 | 188.00 | NOTE | |||
r-release-windows-x86_64 | 1.0.2 | 114.00 | 375.00 | 489.00 | NOTE | |
r-oldrel-macos-arm64 | 1.0.2 | 118.00 | NOTE | |||
r-oldrel-macos-x86_64 | 1.0.2 | 187.00 | NOTE | |||
r-oldrel-windows-ix86+x86_64 | 1.0.2 | 244.00 | 421.00 | 665.00 | NOTE |
Version: 1.0.2
Check: installed package size
Result: NOTE
installed size is 15.7Mb
sub-directories of 1Mb or more:
doc 2.1Mb
libs 13.1Mb
Flavors: r-devel-windows-x86_64, r-release-macos-arm64, r-release-macos-x86_64, r-release-windows-x86_64, r-oldrel-macos-arm64, r-oldrel-macos-x86_64, r-oldrel-windows-ix86+x86_64