CRAN Package Check Results for Package trajeR

Last updated on 2022-10-06 06:49:50 CEST.

Flavor Version Tinstall Tcheck Ttotal Status Flags
r-devel-linux-x86_64-debian-clang 0.9.0.5 337.70 77.50 415.20 OK
r-devel-linux-x86_64-debian-gcc 0.9.0.5 236.34 58.75 295.09 OK
r-devel-linux-x86_64-fedora-clang 0.9.0.5 597.27 OK
r-devel-linux-x86_64-fedora-gcc 0.9.0.5 546.02 OK
r-devel-windows-x86_64 0.9.0.5 212.00 125.00 337.00 OK
r-patched-linux-x86_64 0.9.0.5 241.36 73.10 314.46 OK
r-release-linux-x86_64 0.9.0.5 252.73 72.46 325.19 OK
r-release-macos-arm64 0.9.0.5 104.00 NOTE
r-release-macos-x86_64 0.9.0.5 151.00 NOTE
r-release-windows-x86_64 0.9.0.5 210.00 125.00 335.00 OK
r-oldrel-macos-arm64 0.9.0.5 103.00 NOTE
r-oldrel-macos-x86_64 0.9.0.5 148.00 NOTE
r-oldrel-windows-ix86+x86_64 0.9.0.5 603.00 146.00 749.00 NOTE

Check Details

Version: 0.9.0.5
Check: installed package size
Result: NOTE
     installed size is 17.8Mb
     sub-directories of 1Mb or more:
     libs 17.1Mb
Flavors: r-release-macos-arm64, r-release-macos-x86_64, r-oldrel-macos-arm64, r-oldrel-macos-x86_64, r-oldrel-windows-ix86+x86_64