CRAN Package Check Results for Package trafo

Last updated on 2022-10-05 18:49:14 CEST.

Flavor Version Tinstall Tcheck Ttotal Status Flags
r-devel-linux-x86_64-debian-clang 1.0.1 6.08 59.12 65.20 NOTE
r-devel-linux-x86_64-debian-gcc 1.0.1 4.90 45.19 50.09 NOTE
r-devel-linux-x86_64-fedora-clang 1.0.1 93.78 NOTE
r-devel-linux-x86_64-fedora-gcc 1.0.1 91.52 NOTE
r-devel-windows-x86_64 1.0.1 43.00 96.00 139.00 NOTE
r-patched-linux-x86_64 1.0.1 7.12 55.63 62.75 NOTE
r-release-linux-x86_64 1.0.1 5.18 55.34 60.52 NOTE
r-release-macos-arm64 1.0.1 28.00 NOTE
r-release-macos-x86_64 1.0.1 39.00 NOTE
r-release-windows-x86_64 1.0.1 45.00 87.00 132.00 NOTE
r-oldrel-macos-arm64 1.0.1 32.00 NOTE
r-oldrel-macos-x86_64 1.0.1 51.00 NOTE
r-oldrel-windows-ix86+x86_64 1.0.1 13.00 83.00 96.00 NOTE

Check Details

Version: 1.0.1
Check: LazyData
Result: NOTE
     'LazyData' is specified without a 'data' directory
Flavors: r-devel-linux-x86_64-debian-clang, r-devel-linux-x86_64-debian-gcc, r-devel-linux-x86_64-fedora-clang, r-devel-linux-x86_64-fedora-gcc, r-devel-windows-x86_64, r-patched-linux-x86_64, r-release-linux-x86_64, r-release-macos-arm64, r-release-macos-x86_64, r-release-windows-x86_64, r-oldrel-macos-arm64, r-oldrel-macos-x86_64, r-oldrel-windows-ix86+x86_64