CRAN Package Check Results for Package tradepolicy

Last updated on 2022-08-15 01:51:06 CEST.

Flavor Version Tinstall Tcheck Ttotal Status Flags
r-devel-linux-x86_64-debian-clang 0.6.0 12.55 112.71 125.26 OK
r-devel-linux-x86_64-debian-gcc 0.6.0 9.78 86.30 96.08 OK
r-devel-linux-x86_64-fedora-clang 0.6.0 159.94 NOTE
r-devel-linux-x86_64-fedora-gcc 0.6.0 161.57 NOTE
r-devel-windows-x86_64 0.6.0 24.00 128.00 152.00 OK
r-patched-linux-x86_64 0.6.0 11.45 105.33 116.78 OK
r-release-linux-x86_64 0.6.0 10.83 108.50 119.33 OK
r-release-macos-arm64 0.6.0 44.00 NOTE
r-release-macos-x86_64 0.6.0 76.00 NOTE
r-release-windows-x86_64 0.6.0 27.00 133.00 160.00 OK
r-oldrel-macos-arm64 0.6.0 41.00 NOTE
r-oldrel-macos-x86_64 0.6.0 65.00 NOTE
r-oldrel-windows-ix86+x86_64 0.6.0 30.00 143.00 173.00 OK

Check Details

Version: 0.6.0
Check: dependencies in R code
Result: NOTE
    Namespace in Imports field not imported from: ‘tibble’
     All declared Imports should be used.
Flavors: r-devel-linux-x86_64-fedora-clang, r-devel-linux-x86_64-fedora-gcc, r-release-macos-arm64, r-release-macos-x86_64, r-oldrel-macos-arm64, r-oldrel-macos-x86_64