CRAN Package Check Results for Package tpAUC

Last updated on 2024-06-18 12:56:09 CEST.

Flavor Version Tinstall Tcheck Ttotal Status Flags
r-devel-linux-x86_64-debian-clang 2.1.1 3.50 39.12 42.62 NOTE
r-devel-linux-x86_64-debian-gcc 2.1.1 2.39 29.59 31.98 NOTE
r-devel-linux-x86_64-fedora-clang 2.1.1 55.18 NOTE
r-devel-linux-x86_64-fedora-gcc 2.1.1 65.34 NOTE
r-devel-windows-x86_64 2.1.1 4.00 56.00 60.00 NOTE
r-patched-linux-x86_64 2.1.1 3.92 37.66 41.58 NOTE
r-release-linux-x86_64 2.1.1 3.54 36.73 40.27 NOTE
r-release-macos-arm64 2.1.1 28.00 NOTE
r-release-macos-x86_64 2.1.1 39.00 NOTE
r-release-windows-x86_64 2.1.1 3.00 58.00 61.00 NOTE
r-oldrel-macos-arm64 2.1.1 26.00 NOTE
r-oldrel-macos-x86_64 2.1.1 38.00 NOTE
r-oldrel-windows-x86_64 2.1.1 5.00 58.00 63.00 NOTE

Check Details

Version: 2.1.1
Check: LazyData
Result: NOTE 'LazyData' is specified without a 'data' directory Flavors: r-devel-linux-x86_64-debian-clang, r-devel-linux-x86_64-debian-gcc, r-devel-linux-x86_64-fedora-clang, r-devel-linux-x86_64-fedora-gcc, r-devel-windows-x86_64, r-patched-linux-x86_64, r-release-linux-x86_64, r-release-macos-arm64, r-release-macos-x86_64, r-release-windows-x86_64, r-oldrel-macos-arm64, r-oldrel-macos-x86_64, r-oldrel-windows-x86_64