CRAN Package Check Results for Package totalcensus

Last updated on 2020-05-27 07:51:10 CEST.

Flavor Version Tinstall Tcheck Ttotal Status Flags
r-devel-linux-x86_64-debian-clang 0.6.3 15.77 58.80 74.57 OK
r-devel-linux-x86_64-debian-gcc 0.6.3 14.77 45.25 60.02 OK
r-devel-linux-x86_64-fedora-clang 0.6.3 96.88 NOTE
r-devel-linux-x86_64-fedora-gcc 0.6.3 91.54 NOTE
r-devel-windows-ix86+x86_64 0.6.3 33.00 102.00 135.00 NOTE
r-patched-linux-x86_64 0.6.3 16.99 56.47 73.46 OK
r-patched-solaris-x86 0.6.3 141.00 NOTE
r-release-linux-x86_64 0.6.3 17.07 56.49 73.56 OK
r-release-osx-x86_64 0.6.3 NOTE
r-release-windows-ix86+x86_64 0.6.3 27.00 89.00 116.00 NOTE
r-oldrel-osx-x86_64 0.6.3 NOTE
r-oldrel-windows-ix86+x86_64 0.6.3 31.00 68.00 99.00 NOTE

Check Details

Version: 0.6.3
Check: installed package size
Result: NOTE
     installed size is 5.1Mb
     sub-directories of 1Mb or more:
     data 4.7Mb
Flavors: r-devel-linux-x86_64-fedora-clang, r-devel-windows-ix86+x86_64, r-patched-solaris-x86, r-release-osx-x86_64, r-release-windows-ix86+x86_64, r-oldrel-osx-x86_64, r-oldrel-windows-ix86+x86_64

Version: 0.6.3
Check: data for non-ASCII characters
Result: NOTE
     Note: found 64 marked Latin-1 strings
     Note: found 548 marked UTF-8 strings
Flavors: r-devel-linux-x86_64-fedora-clang, r-devel-linux-x86_64-fedora-gcc, r-patched-solaris-x86, r-release-osx-x86_64, r-oldrel-osx-x86_64