CRAN Package Check Results for Package tor

Last updated on 2024-05-28 06:58:47 CEST.

Flavor Version Tinstall Tcheck Ttotal Status Flags
r-devel-linux-x86_64-debian-clang 1.1.2 3.25 37.48 40.73 NOTE
r-devel-linux-x86_64-debian-gcc 1.1.2 1.76 27.98 29.74 NOTE
r-devel-linux-x86_64-fedora-clang 1.1.2 50.10 NOTE
r-devel-linux-x86_64-fedora-gcc 1.1.2 48.12 NOTE
r-devel-windows-x86_64 1.1.2 4.00 50.00 54.00 NOTE
r-patched-linux-x86_64 1.1.2 2.91 35.10 38.01 NOTE
r-release-linux-x86_64 1.1.2 1.78 34.91 36.69 NOTE
r-release-macos-arm64 1.1.2 20.00 NOTE
r-release-windows-x86_64 1.1.2 4.00 51.00 55.00 NOTE
r-oldrel-macos-arm64 1.1.2 21.00 NOTE
r-oldrel-macos-x86_64 1.1.2 27.00 NOTE
r-oldrel-windows-x86_64 1.1.2 5.00 55.00 60.00 NOTE

Check Details

Version: 1.1.2
Check: LazyData
Result: NOTE 'LazyData' is specified without a 'data' directory Flavors: r-devel-linux-x86_64-debian-clang, r-devel-linux-x86_64-debian-gcc, r-devel-linux-x86_64-fedora-clang, r-devel-linux-x86_64-fedora-gcc, r-devel-windows-x86_64, r-patched-linux-x86_64, r-release-linux-x86_64, r-release-macos-arm64, r-release-windows-x86_64, r-oldrel-macos-arm64, r-oldrel-macos-x86_64, r-oldrel-windows-x86_64