CRAN Package Check Results for Package topicmodels

Last updated on 2020-09-21 07:56:18 CEST.

Flavor Version Tinstall Tcheck Ttotal Status Flags
r-devel-linux-x86_64-debian-clang 0.2-11 14.41 115.29 129.70 NOTE
r-devel-linux-x86_64-debian-gcc 0.2-11 10.21 87.78 97.99 NOTE
r-devel-linux-x86_64-fedora-clang 0.2-11 186.34 NOTE
r-devel-linux-x86_64-fedora-gcc 0.2-11 168.95 NOTE
r-devel-windows-ix86+x86_64 0.2-11 39.00 196.00 235.00 NOTE
r-patched-linux-x86_64 0.2-11 10.85 116.24 127.09 NOTE
r-patched-solaris-x86 0.2-11 318.70 NOTE
r-release-linux-x86_64 0.2-11 11.67 114.10 125.77 NOTE
r-release-macos-x86_64 0.2-11 NOTE
r-release-windows-ix86+x86_64 0.2-11 40.00 176.00 216.00 NOTE
r-oldrel-macos-x86_64 0.2-11 NOTE
r-oldrel-windows-ix86+x86_64 0.2-11 36.00 210.00 246.00 NOTE

Check Details

Version: 0.2-11
Check: package dependencies
Result: NOTE
    Package suggested but not available for checking: 'corpus.JSS.papers'
Flavors: r-devel-linux-x86_64-debian-clang, r-devel-linux-x86_64-debian-gcc, r-devel-linux-x86_64-fedora-clang, r-devel-linux-x86_64-fedora-gcc, r-devel-windows-ix86+x86_64, r-patched-linux-x86_64, r-patched-solaris-x86, r-release-linux-x86_64, r-release-macos-x86_64, r-release-windows-ix86+x86_64, r-oldrel-macos-x86_64, r-oldrel-windows-ix86+x86_64