CRAN Package Check Results for Package topicdoc

Last updated on 2020-10-30 07:50:10 CET.

Flavor Version Tinstall Tcheck Ttotal Status Flags
r-devel-linux-x86_64-debian-clang 0.1.0 3.85 111.98 115.83 OK
r-devel-linux-x86_64-debian-gcc 0.1.0 3.06 79.84 82.90 OK
r-devel-linux-x86_64-fedora-clang 0.1.0 153.80 NOTE
r-devel-linux-x86_64-fedora-gcc 0.1.0 140.77 OK
r-devel-windows-ix86+x86_64 0.1.0 10.00 168.00 178.00 OK
r-patched-linux-x86_64 0.1.0 3.69 109.86 113.55 OK
r-patched-solaris-x86 0.1.0 264.50 OK
r-release-linux-x86_64 0.1.0 3.42 108.66 112.08 OK
r-release-macos-x86_64 0.1.0 OK
r-release-windows-ix86+x86_64 0.1.0 7.00 184.00 191.00 OK
r-oldrel-macos-x86_64 0.1.0 OK
r-oldrel-windows-ix86+x86_64 0.1.0 8.00 184.00 192.00 OK

Check Details

Version: 0.1.0
Check: Rd cross-references
Result: NOTE
    Undeclared package ‘stm’ in Rd xrefs
Flavor: r-devel-linux-x86_64-fedora-clang