CRAN Package Check Results for Package tomba

Last updated on 2022-10-03 18:52:22 CEST.

Flavor Version Tinstall Tcheck Ttotal Status Flags
r-devel-linux-x86_64-debian-clang 1.0.1 2.25 27.59 29.84 OK
r-devel-linux-x86_64-debian-gcc 1.0.1 2.11 22.14 24.25 OK
r-devel-linux-x86_64-fedora-clang 1.0.1 50.87 NOTE
r-devel-linux-x86_64-fedora-gcc 1.0.1 47.70 NOTE
r-devel-windows-x86_64 1.0.1 10.00 62.00 72.00 OK
r-patched-linux-x86_64 1.0.1 2.93 27.21 30.14 OK
r-release-linux-x86_64 1.0.1 1.89 26.53 28.42 OK
r-release-macos-arm64 1.0.1 18.00 NOTE
r-release-macos-x86_64 1.0.1 27.00 NOTE
r-release-windows-x86_64 1.0.1 18.00 56.00 74.00 OK
r-oldrel-macos-arm64 1.0.1 19.00 NOTE
r-oldrel-macos-x86_64 1.0.1 25.00 NOTE
r-oldrel-windows-ix86+x86_64 1.0.1 7.00 53.00 60.00 OK

Check Details

Version: 1.0.1
Check: dependencies in R code
Result: NOTE
    Namespace in Imports field not imported from: ‘testthat’
     All declared Imports should be used.
Flavors: r-devel-linux-x86_64-fedora-clang, r-devel-linux-x86_64-fedora-gcc, r-release-macos-arm64, r-release-macos-x86_64, r-oldrel-macos-arm64, r-oldrel-macos-x86_64