CRAN Package Check Results for Package tmg

Last updated on 2020-09-22 14:05:14 CEST.

Flavor Version Tinstall Tcheck Ttotal Status Flags
r-devel-linux-x86_64-debian-clang 0.3 24.10 23.39 47.49 OK
r-devel-linux-x86_64-debian-gcc 0.3 17.27 19.33 36.60 OK
r-devel-linux-x86_64-fedora-clang 0.3 82.23 NOTE
r-devel-linux-x86_64-fedora-gcc 0.3 59.23 NOTE
r-devel-windows-ix86+x86_64 0.3 60.00 57.00 117.00 OK
r-patched-linux-x86_64 0.3 19.45 24.00 43.45 OK
r-patched-solaris-x86 0.3 67.60 OK
r-release-linux-x86_64 0.3 19.84 23.50 43.34 OK
r-release-macos-x86_64 0.3 NOTE
r-release-windows-ix86+x86_64 0.3 61.00 59.00 120.00 OK
r-oldrel-macos-x86_64 0.3 NOTE
r-oldrel-windows-ix86+x86_64 0.3 36.00 61.00 97.00 OK

Additional issues

valgrind

Check Details

Version: 0.3
Check: compiled code
Result: NOTE
    File ‘tmg/libs/tmg.so’:
     Found no calls to: ‘R_registerRoutines’, ‘R_useDynamicSymbols’
    
    It is good practice to register native routines and to disable symbol
    search.
    
    See ‘Writing portable packages’ in the ‘Writing R Extensions’ manual.
Flavors: r-devel-linux-x86_64-fedora-clang, r-devel-linux-x86_64-fedora-gcc

Version: 0.3
Check: installed package size
Result: NOTE
     installed size is 5.1Mb
     sub-directories of 1Mb or more:
     libs 4.8Mb
Flavors: r-release-macos-x86_64, r-oldrel-macos-x86_64