CRAN Package Check Results for Package tmcn

Last updated on 2020-05-25 01:49:06 CEST.

Flavor Version Tinstall Tcheck Ttotal Status Flags
r-devel-linux-x86_64-debian-clang 0.2-13 3.30 28.35 31.65 OK
r-devel-linux-x86_64-debian-gcc 0.2-13 2.81 19.73 22.54 OK
r-devel-linux-x86_64-fedora-clang 0.2-13 36.90 NOTE
r-devel-linux-x86_64-fedora-gcc 0.2-13 34.52 NOTE
r-devel-windows-ix86+x86_64 0.2-13 22.00 57.00 79.00 OK
r-patched-linux-x86_64 0.2-13 3.54 24.87 28.41 OK
r-patched-solaris-x86 0.2-13 52.30 NOTE
r-release-linux-x86_64 0.2-13 3.17 24.66 27.83 OK
r-release-osx-x86_64 0.2-13 NOTE
r-release-windows-ix86+x86_64 0.2-13 14.00 75.00 89.00 OK
r-oldrel-osx-x86_64 0.2-13 NOTE
r-oldrel-windows-ix86+x86_64 0.2-13 11.00 67.00 78.00 OK

Check Details

Version: 0.2-13
Check: data for non-ASCII characters
Result: NOTE
     Note: found 134043 marked UTF-8 strings
Flavors: r-devel-linux-x86_64-fedora-clang, r-devel-linux-x86_64-fedora-gcc, r-patched-solaris-x86, r-release-osx-x86_64, r-oldrel-osx-x86_64