CRAN Package Check Results for Package tmbstan

Last updated on 2022-09-28 12:55:32 CEST.

Flavor Version Tinstall Tcheck Ttotal Status Flags
r-devel-linux-x86_64-debian-clang 1.0.4 112.51 132.96 245.47 NOTE
r-devel-linux-x86_64-debian-gcc 1.0.4 111.40 104.47 215.87 NOTE
r-devel-linux-x86_64-fedora-clang 1.0.4 317.50 NOTE
r-devel-linux-x86_64-fedora-gcc 1.0.4 342.16 NOTE
r-devel-windows-x86_64 1.0.4 84.00 170.00 254.00 NOTE
r-patched-linux-x86_64 1.0.4 96.28 130.53 226.81 NOTE
r-release-linux-x86_64 1.0.4 87.27 128.01 215.28 NOTE
r-release-macos-arm64 1.0.4 86.00 NOTE
r-release-macos-x86_64 1.0.4 159.00 NOTE
r-release-windows-x86_64 1.0.4 83.00 183.00 266.00 NOTE
r-oldrel-macos-arm64 1.0.4 84.00 NOTE
r-oldrel-macos-x86_64 1.0.4 111.00 NOTE
r-oldrel-windows-ix86+x86_64 1.0.4 264.00 227.00 491.00 NOTE

Check Details

Version: 1.0.4
Check: for GNU extensions in Makefiles
Result: NOTE
    GNU make is a SystemRequirements.
Flavors: r-devel-linux-x86_64-debian-clang, r-devel-linux-x86_64-debian-gcc, r-devel-linux-x86_64-fedora-clang, r-devel-linux-x86_64-fedora-gcc, r-devel-windows-x86_64, r-patched-linux-x86_64, r-release-linux-x86_64, r-release-macos-arm64, r-release-macos-x86_64, r-release-windows-x86_64, r-oldrel-macos-arm64, r-oldrel-macos-x86_64, r-oldrel-windows-ix86+x86_64

Version: 1.0.4
Check: installed package size
Result: NOTE
     installed size is 30.9Mb
     sub-directories of 1Mb or more:
     libs 30.6Mb
Flavors: r-release-macos-arm64, r-release-macos-x86_64, r-oldrel-macos-arm64, r-oldrel-macos-x86_64