Last updated on 2023-09-26 13:08:45 CEST.
Flavor | Version | Tinstall | Tcheck | Ttotal | Status | Flags |
---|---|---|---|---|---|---|
r-devel-linux-x86_64-debian-clang | 1.0.91 | 132.35 | 265.86 | 398.21 | NOTE | |
r-devel-linux-x86_64-debian-gcc | 1.0.91 | 115.25 | 195.31 | 310.56 | NOTE | |
r-devel-linux-x86_64-fedora-clang | 1.0.91 | 498.18 | NOTE | |||
r-devel-linux-x86_64-fedora-gcc | 1.0.91 | 543.22 | NOTE | |||
r-devel-windows-x86_64 | 1.0.91 | 116.00 | 219.00 | 335.00 | NOTE | |
r-patched-linux-x86_64 | 1.0.91 | 110.39 | 250.99 | 361.38 | NOTE | |
r-release-linux-x86_64 | 1.0.91 | 108.09 | 251.98 | 360.07 | NOTE | |
r-release-macos-arm64 | 1.0.91 | 84.00 | NOTE | |||
r-release-macos-x86_64 | 1.0.91 | 214.00 | NOTE | |||
r-release-windows-x86_64 | 1.0.91 | 150.00 | 257.00 | 407.00 | NOTE | |
r-oldrel-macos-arm64 | 1.0.91 | 83.00 | NOTE | |||
r-oldrel-macos-x86_64 | 1.0.91 | 133.00 | NOTE | |||
r-oldrel-windows-x86_64 | 1.0.91 | 140.00 | 250.00 | 390.00 | NOTE |
Version: 1.0.91
Check: for GNU extensions in Makefiles
Result: NOTE
GNU make is a SystemRequirements.
Flavors: r-devel-linux-x86_64-debian-clang, r-devel-linux-x86_64-debian-gcc, r-devel-linux-x86_64-fedora-clang, r-devel-linux-x86_64-fedora-gcc, r-devel-windows-x86_64, r-patched-linux-x86_64, r-release-linux-x86_64, r-release-macos-arm64, r-release-macos-x86_64, r-release-windows-x86_64, r-oldrel-macos-arm64, r-oldrel-macos-x86_64, r-oldrel-windows-x86_64
Version: 1.0.91
Check: installed package size
Result: NOTE
installed size is 29.1Mb
sub-directories of 1Mb or more:
libs 28.8Mb
Flavors: r-release-macos-arm64, r-release-macos-x86_64, r-oldrel-macos-arm64, r-oldrel-macos-x86_64