CRAN Package Check Results for Package tm1r

Last updated on 2022-10-02 12:56:08 CEST.

Flavor Version Tinstall Tcheck Ttotal Status Flags
r-devel-linux-x86_64-debian-clang 1.1.8 3.76 27.75 31.51 NOTE
r-devel-linux-x86_64-debian-gcc 1.1.8 2.64 22.12 24.76 NOTE
r-devel-linux-x86_64-fedora-clang 1.1.8 52.70 NOTE
r-devel-linux-x86_64-fedora-gcc 1.1.8 49.39 NOTE
r-devel-windows-x86_64 1.1.8 12.00 59.00 71.00 NOTE
r-patched-linux-x86_64 1.1.8 3.49 27.75 31.24 NOTE
r-release-linux-x86_64 1.1.8 2.71 27.41 30.12 NOTE
r-release-macos-arm64 1.1.8 15.00 NOTE
r-release-macos-x86_64 1.1.8 21.00 NOTE
r-release-windows-x86_64 1.1.8 13.00 60.00 73.00 NOTE
r-oldrel-macos-arm64 1.1.8 22.00 NOTE
r-oldrel-macos-x86_64 1.1.8 29.00 NOTE
r-oldrel-windows-ix86+x86_64 1.1.8 7.00 49.00 56.00 NOTE

Check Details

Version: 1.1.8
Check: LazyData
Result: NOTE
     'LazyData' is specified without a 'data' directory
Flavors: r-devel-linux-x86_64-debian-clang, r-devel-linux-x86_64-debian-gcc, r-devel-linux-x86_64-fedora-clang, r-devel-linux-x86_64-fedora-gcc, r-devel-windows-x86_64, r-patched-linux-x86_64, r-release-linux-x86_64, r-release-macos-arm64, r-release-macos-x86_64, r-release-windows-x86_64, r-oldrel-macos-arm64, r-oldrel-macos-x86_64, r-oldrel-windows-ix86+x86_64