CRAN Package Check Results for Package tipmap

Last updated on 2024-03-02 18:54:16 CET.

Flavor Version Tinstall Tcheck Ttotal Status Flags
r-devel-linux-x86_64-debian-clang 0.5.2 5.52 123.63 129.15 OK
r-devel-linux-x86_64-debian-gcc 0.5.2 4.30 91.75 96.05 OK
r-devel-linux-x86_64-fedora-clang 0.5.2 153.93 OK
r-devel-linux-x86_64-fedora-gcc 0.5.2 154.91 OK
r-devel-windows-x86_64 0.5.2 6.00 110.00 116.00 OK
r-patched-linux-x86_64 0.5.2 0.65 3.05 3.70 ERROR
r-release-linux-x86_64 0.5.2 3.43 105.40 108.83 OK
r-release-macos-arm64 0.5.2 46.00 OK
r-release-macos-x86_64 0.5.2 109.00 OK
r-release-windows-x86_64 0.5.2 8.00 138.00 146.00 OK
r-oldrel-macos-arm64 0.5.2 47.00 OK
r-oldrel-windows-x86_64 0.5.2 8.00 141.00 149.00 OK

Check Details

Version: 0.5.2
Check: package dependencies
Result: ERROR Package required but not available: ‘RBesT’ See section ‘The DESCRIPTION file’ in the ‘Writing R Extensions’ manual. Flavor: r-patched-linux-x86_64