CRAN Package Check Results for Package tipitaka

Last updated on 2022-10-02 12:56:08 CEST.

Flavor Version Tinstall Tcheck Ttotal Status Flags
r-devel-linux-x86_64-debian-clang 0.1.2 46.17 44.96 91.13 OK
r-devel-linux-x86_64-debian-gcc 0.1.2 42.43 34.99 77.42 OK
r-devel-linux-x86_64-fedora-clang 0.1.2 136.78 NOTE
r-devel-linux-x86_64-fedora-gcc 0.1.2 131.37 NOTE
r-devel-windows-x86_64 0.1.2 72.00 99.00 171.00 NOTE
r-patched-linux-x86_64 0.1.2 47.44 39.06 86.50 OK
r-release-linux-x86_64 0.1.2 47.60 43.05 90.65 OK
r-release-macos-arm64 0.1.2 59.00 NOTE
r-release-macos-x86_64 0.1.2 88.00 NOTE
r-release-windows-x86_64 0.1.2 63.00 89.00 152.00 NOTE
r-oldrel-macos-arm64 0.1.2 68.00 NOTE
r-oldrel-macos-x86_64 0.1.2 75.00 NOTE
r-oldrel-windows-ix86+x86_64 0.1.2 77.00 96.00 173.00 NOTE

Check Details

Version: 0.1.2
Check: installed package size
Result: NOTE
     installed size is 5.5Mb
     sub-directories of 1Mb or more:
     data 5.1Mb
Flavors: r-devel-linux-x86_64-fedora-clang, r-devel-windows-x86_64, r-release-macos-arm64, r-release-macos-x86_64, r-release-windows-x86_64, r-oldrel-macos-arm64, r-oldrel-macos-x86_64, r-oldrel-windows-ix86+x86_64

Version: 0.1.2
Check: dependencies in R code
Result: NOTE
    Namespaces in Imports field not imported from:
     ‘cpp11’ ‘dplyr’ ‘magrittr’ ‘stringi’
     All declared Imports should be used.
Flavors: r-devel-linux-x86_64-fedora-clang, r-devel-linux-x86_64-fedora-gcc, r-release-macos-arm64, r-release-macos-x86_64, r-oldrel-macos-arm64, r-oldrel-macos-x86_64

Version: 0.1.2
Check: data for non-ASCII characters
Result: NOTE
     Note: found 384749 marked UTF-8 strings
Flavors: r-devel-linux-x86_64-fedora-clang, r-devel-linux-x86_64-fedora-gcc, r-release-macos-arm64, r-release-macos-x86_64, r-oldrel-macos-arm64, r-oldrel-macos-x86_64