CRAN Package Check Results for Package tinytest

Last updated on 2020-07-14 13:51:33 CEST.

Flavor Version Tinstall Tcheck Ttotal Status Flags
r-devel-linux-x86_64-debian-clang 1.2.2 3.09 36.27 39.36 OK
r-devel-linux-x86_64-debian-gcc 1.2.2 2.64 28.87 31.51 OK
r-devel-linux-x86_64-fedora-clang 1.2.2 57.25 OK
r-devel-linux-x86_64-fedora-gcc 1.2.2 49.09 OK
r-devel-windows-ix86+x86_64 1.2.2 12.00 61.00 73.00 OK
r-patched-linux-x86_64 1.2.2 3.26 36.33 39.59 OK
r-patched-solaris-x86 1.2.2 68.40 OK
r-release-linux-x86_64 1.2.2 3.47 36.58 40.05 OK
r-release-macos-x86_64 1.2.2 FAIL
r-release-windows-ix86+x86_64 1.2.2 8.00 59.00 67.00 OK
r-oldrel-macos-x86_64 1.2.2 OK
r-oldrel-windows-ix86+x86_64 1.2.2 9.00 77.00 86.00 OK

Check Details

Version: 1.2.2
Check: DESCRIPTION meta-information
Result: FAIL
Flavor: r-release-macos-x86_64