CRAN Package Check Results for Package tinyscholar

Last updated on 2022-08-11 06:51:59 CEST.

Flavor Version Tinstall Tcheck Ttotal Status Flags
r-devel-linux-x86_64-debian-clang 0.1.6 5.16 54.89 60.05 OK
r-devel-linux-x86_64-debian-gcc 0.1.7 5.44 45.85 51.29 OK
r-devel-linux-x86_64-fedora-clang 0.1.7 94.41 OK
r-devel-linux-x86_64-fedora-gcc 0.1.7 93.70 OK
r-devel-windows-x86_64 0.1.7 15.00 83.00 98.00 OK
r-patched-linux-x86_64 0.1.6 4.98 57.03 62.01 OK
r-release-linux-x86_64 0.1.6 ERROR
r-release-macos-arm64 0.1.6 33.00 OK
r-release-macos-x86_64 0.1.6 47.00 OK
r-release-windows-x86_64 0.1.7 30.00 84.00 114.00 OK
r-oldrel-macos-arm64 0.1.6 31.00 OK
r-oldrel-macos-x86_64 0.1.6 46.00 OK
r-oldrel-windows-ix86+x86_64 0.1.7 16.00 87.00 103.00 OK

Check Details

Version: 0.1.6
Check: re-building of vignette outputs
Result: ERROR
    Error(s) in re-building vignettes:
     ...
    --- re-building ‘tinyscholar.Rmd’ using rmarkdown
    Quitting from lines 78-81 (tinyscholar.Rmd)
    Error: processing vignette ‘tinyscholar.Rmd’ failed with diagnostics:
    inherits(profile, "ScholarProfile") is not TRUE
    --- failed re-building ‘tinyscholar.Rmd’
    
    SUMMARY: processing the following file failed:
     ‘tinyscholar.Rmd’
    
    Error: Vignette re-building failed.
    Execution halted
Flavor: r-release-linux-x86_64