CRAN Package Check Results for Package timevis

Last updated on 2022-08-10 21:53:55 CEST.

Flavor Version Tinstall Tcheck Ttotal Status Flags
r-devel-linux-x86_64-debian-clang 2.0.0 4.08 50.51 54.59 OK
r-devel-linux-x86_64-debian-gcc 2.0.0 3.09 38.12 41.21 OK
r-devel-linux-x86_64-fedora-clang 2.0.0 73.22 NOTE
r-devel-linux-x86_64-fedora-gcc 2.0.0 75.58 NOTE
r-devel-windows-x86_64 2.0.0 29.00 99.00 128.00 OK
r-patched-linux-x86_64 2.0.0 3.97 46.95 50.92 OK
r-release-linux-x86_64 2.0.0 OK
r-release-macos-arm64 2.0.0 26.00 NOTE
r-release-macos-x86_64 2.0.0 48.00 NOTE
r-release-windows-x86_64 2.0.0 31.00 105.00 136.00 OK
r-oldrel-macos-arm64 2.0.0 27.00 NOTE
r-oldrel-macos-x86_64 2.0.0 38.00 NOTE
r-oldrel-windows-ix86+x86_64 2.0.0 11.00 76.00 87.00 OK

Check Details

Version: 2.0.0
Check: dependencies in R code
Result: NOTE
    Namespace in Imports field not imported from: ‘lubridate’
     All declared Imports should be used.
Flavors: r-devel-linux-x86_64-fedora-clang, r-devel-linux-x86_64-fedora-gcc, r-release-macos-arm64, r-release-macos-x86_64, r-oldrel-macos-arm64, r-oldrel-macos-x86_64